- o - 1. Calculate w(-1).
-18
Let b(y) = -y**2 + 8*y + 8. Calculate b(9).
-1
Let o(c) = -c**2 - 3*c + 7. Give o(-5).
-3
Let h(m) = m**3 - 6*m + 2. Give h(4).
42
Let p(m) = -2*m**2 + 2*m - 2. Calculate p(2).
-6
Let p(l) = -l**2 - 11*l - 19. Determine p(-10).
-9
Let t(a) = 5*a**2 - 46*a + 33. Calculate t(10).
73
Let j(y) = -21*y + 33. What is j(3)?
-30
Let c(a) = -a**3 - 15*a**2 - 27*a - 25. What is c(-13)?
-12
Let p(j) = j**3 + 4*j**2 - 6*j - 9. What is p(-4)?
15
Let y(n) = n**2 - 29. Give y(6).
7
Let v(m) = -2*m + 17. What is v(9)?
-1
Let y(r) = -29*r - 11. Give y(-1).
18
Let h(b) = -b**3 + 3*b**2 + 23*b - 26. Determine h(6).
4
Let t(x) = x + 4. Calculate t(3).
7
Let m(y) = y**3 + 10*y**2 + 12*y. Give m(-9).
-27
Let g(o) = -4*o + 1. Determine g(8).
-31
Let l(w) = 17*w**2 - 23*w - 1. Determine l(1).
-7
Let f(b) = -b**2 - 10*b - 17. What is f(-10)?
-17
Let k(d) = d**2 + 13*d + 11. Give k(-5).
-29
Let w(h) = 10*h**3 - 2*h**2 + h + 2. Determine w(-1).
-11
Let r(z) = -2*z**2 - 15*z + 48. What is r(-10)?
-2
Let t(z) = -z**3 + 9*z**2 - 4*z - 11. Calculate t(8).
21
Let t(x) = -x**2 - 9*x - 5. Determine t(-6).
13
Let x(s) = -5*s + 18. What is x(-31)?
173
Let a(t) = 3*t**2 - 7*t + 8. Give a(2).
6
Let q(z) = -z**3 + 5*z**2 - 12. Give q(5).
-12
Let w(z) = -z**2 + 17*z - 27. Give w(18).
-45
Let n(h) = 7*h + 25. Determine n(-4).
-3
Let h(f) = -11*f + 63. Give h(6).
-3
Let o(m) = -m**3 - 3*m**2 - m + 2. Give o(-3).
5
Let x(s) = -3*s + 20. Give x(4).
8
Let f(t) = -t**2 + 15*t - 10. Calculate f(13).
16
Let g(z) = -38*z**2 + z. Give g(1).
-37
Let r(i) = -17*i + 1. Calculate r(-3).
52
Let c(b) = b**3 + b**2 - b + 2. Calculate c(-3).
-13
Let f(m) = 6*m - 13. Determine f(0).
-13
Let y(b) = -b**2 - 7*b + 17. Give y(-10).
-13
Let x(f) = f - 10. Determine x(7).
-3
Let x(w) = w - 7. Give x(10).
3
Let w(g) = -3*g**2 - 5*g - 6. Determine w(-5).
-56
Let o(k) = k**3 - k**2 + 4*k - 3. Calculate o(2).
9
Let b(w) = 2*w**2 - 8*w - 18. What is b(-9)?
216
Let c(m) = m**2 + 22*m - 348. What is c(-33)?
15
Let k(u) = -2*u**3 - 5*u**2 - 10*u - 9. Calculate k(-2).
7
Let t(z) = z**3 - 2*z**2 - 5. What is t(4)?
27
Let z(u) = -u**2 - 7*u - 1. Give z(-8).
-9
Let p(u) = u**3 + 3*u**2 - u + 1. Determine p(-3).
4
Let f(g) = g**3 - 6*g**2 + 7. Determine f(4).
-25
Let b(a) = -4*a - 7. Calculate b(-5).
13
Let a(k) = 2*k**2 + 26*k + 24. Give a(-12).
0
Let b(o) = 35*o - 181. Determine b(6).
29
Let b(x) = 3*x - 30. Determine b(9).
-3
Let z(j) = 6*j**2 + 2*j - 39. What is z(5)?
121
Let d(o) = -o**2 - 15*o - 24. Give d(-14).
-10
Let h(v) = 29*v - 2. Calculate h(3).
85
Let w(i) = 12*i + 92. Give w(-7).
8
Let j(l) = 3*l**2 - 12*l + 8. Give j(3).
-1
Let i(l) = -3*l - 23. Calculate i(5).
-38
Let n(k) = -k**3 + 5*k**2. Calculate n(5).
0
Let h(t) = -t**3 + 6*t**2 + t + 6. Calculate h(6).
12
Let h(q) = q**3 + 4. What is h(0)?
4
Let m(a) = -a + 8. Calculate m(7).
1
Let h(p) = -p**2 - 15*p + 2. Give h(-16).
-14
Let b(x) = -x**2 - 3*x + 7. What is b(3)?
-11
Let u(s) = -2*s**3 + s**2 - 3*s + 2. Calculate u(1).
-2
Let m(w) = -4*w**3 + 2*w**2 + w. Determine m(-1).
5
Let u(f) = f**3 - 6*f**2 + 4. What is u(6)?
4
Let f(y) = 39*y + 316. Give f(-8).
4
Let q(r) = -2*r**2 + 9*r - 7. Determine q(5).
-12
Let g(q) = q**2 - 6*q - 5. Determine g(7).
2
Let t(k) = -k**2 - k - 5. Determine t(-3).
-11
Let c(i) = -6*i**3 - 2*i**2 - 2*i - 3. Determine c(-2).
41
Let r(c) = 2*c**2 - 15*c + 9. What is r(3)?
-18
Let k(h) = 3*h**2 - 77*h + 60. Determine k(25).
10
Let g(j) = -j**2 + 20*j + 26. Determine g(11).
125
Let n(v) = v**2 - 17*v - 115. Calculate n(22).
-5
Let i(t) = -5*t - 13. Calculate i(-4).
7
Let j(s) = s**3 + 10*s**2 + 5*s + 2. Determine j(-9).
38
Let u(b) = 12*b - 5. Determine u(5).
55
Let r(d) = -d**3 + d**2 + 4*d + 2. What is r(-3)?
26
Let y(t) = t - 3. Calculate y(5).
2
Let w(g) = 11*g - 88. Give w(11).
33
Let x(z) = -2*z**3 + z**2 + 2*z + 6. Determine x(3).
-33
Let t(o) = 74*o - 2. Determine t(3).
220
Let d(z) = 8*z - 91. What is d(8)?
-27
Let t(b) = -b**2 + 3*b - 1. Determine t(1).
1
Let m(x) = -28*x - 177. Calculate m(-6).
-9
Let w(m) = -m**2 - 6*m + 8. Determine w(-8).
-8
Let p(y) = y**3 - 5*y**2 - 8*y + 9. Calculate p(6).
-3
Let f(v) = 3*v**3 - 3*v**2 - 5*v + 7. What is f(3)?
46
Let n(b) = -b**3 + 13*b**2 - 14*b + 17. Give n(12).
-7
Let u(t) = t + 8. What is u(0)?
8
Let a(x) = 4*x**2 + 3*x - 7. Calculate a(4).
69
Let l(w) = w**2 + 9*w + 6. Determine l(-4).
-14
Let u(r) = 2*r - 11. Give u(3).
-5
Let n(a) = a**3 + 4*a**2 - 4*a - 5. What is n(-5)?
-10
Let h(t) = -t**3 + 9*t**2 + 6*t - 18. Determine h(9).
36
Let z(o) = -3*o - 17. Determine z(-8).
7
Let u(m) = m**2 + 7*m + 18. Give u(-4).
6
Let m(a) = a**2 + 10*a + 8. Calculate m(-6).
-16
Let k(j) = -j + 60. Give k(66).
-6
Let h(j) = j**3 - 13*j**2 + 23*j - 22. Determine h(11).
-11
Let i(o) = 9*o - 68. Give i(9).
13
Let g(x) = -29*x - 666. Determine g(-23).
1
Let h(g) = 5*g**2 + 9*g + 1. What is h(-2)?
3
Let m(d) = -2*d**3 + 18*d**2 + 18*d + 12. What is m(10)?
-8
Let j(i) = 17*i + 7. Give j(3).
58
Let p(q) = q**3 + 13*q**2 + 36*q - 5. Give p(-9).
-5
Let l(z) = 4*z**3 + 4*z**2 + 2*z - 1. Give l(-2).
-21
Let w(q) = -4*q + 114. What is w(13)?
62
Let h(s) = 2*s**2 + 89*s + 219. Calculate h(-42).
9
Let k(c) = -6*c**2 + 3*c + 3. Determine k(-1).
-6
Let n(r) = r**2 + 5*r - 198. Give n(-17).
6
Let h(s) = 2*s**2 + 12*s + 2. Give h(-6).
2
Let v(d) = -d**3 - 12*d**2 + d + 13. Determine v(-12).
1
Let t(m) = m**3 + 6*m**2 - 8*m - 14. What is t(-7)?
-7
Let n(a) = -a**2 - 5*a + 1. Calculate n(-6).
-5
Let s(q) = 11*q + 5. What is s(-2)?
-17
Let g(f) = -9*f - 37. Determine g(-3).
-10
Let m(u) = -u**2 - 17. Determine m(7).
-66
Let f(o) = -3*o - 1. Calculate f(-3).
8
Let g(s) = -s**3 - 9*s**2 + s + 11. What is g(-9)?
2
Let m(a) = -2*a**2 - 9*a - 12. Determine m(-2).
-2
Let g(k) = k**3 + 6*k**2 - 5*k - 31. Determine g(-6).
-1
Let n(i) = i**2 - 3*i + 4. Determine n(2).
2
Let z(k) = -k**3 - 9*k**2 - 8*k + 23. What is z(-10)?
203
Let s(n) = -n**2 + 19*n + 33. Give s(-2).
-9
Let i(d) = -31*d - 4. Determine i(-2).
58
Let d(f) = 9*f + 126. What is d(-14)?
0
Let d(q) = q**3 + 8*q**2 + 2*q - 9. What is d(-8)?
-25
Let n(w) = -w**3 + 7*w**2 - 6*w - 7. What is n(6)?
-7
Let w(z) = z**3 - 16*z**2 - z + 25. Determine w(16).
9
Let m(b) = -31*b + 60. What is m(2)?
-2
Let z(v) = -v**3 + 5*v**2 + 5. What is z(5)?
5
Let i(c) = 139*c + 146. Give i(-1).
7
Let i(a) = 44*a + 278. Give i(-6).
14
Let b(h) = h**3 + 4*h**2 + 5*h + 2. Determine b(-4).
-18
Let i(t) = -2*t**3 - 33*t**2 + 13*t - 14. Give i(-17).
54
Let j(r) = -102*r - 607. Determine j(-6).
5
Let b(l) = -l**3 - 6*l**2 - 4*l - 9. Give b(-6).
15
Let i(n) = n**3 - 5*n**2 - 3*n - 22. What is i(5)?
-37
Let q(g) = -g**3 - 2*g**2 + 3*g + 3. Calculate q(-3).
3
Let b(v) = -v**2 + v + 13. What is b(-4)?
-7
Let u(n) = 16*n - 25. What is u(3)?
23
Let j(u) = -5*u - 20. Calculate j(-5).
5
Let a(h) = h**2 + h - 23. Calculate a(0).
-23
Let j(h) = h**3 + 9*h**2 + 6*h + 4. Calculate j(-8).
20
Let u(h) = 4*h**2 - 5*h - 4. Calculate u(-1).
5
Let b(r) = -25*r + 4. Determine b(3).
-71
Let l(c) = -c**2 - 10*c - 5. Determine l(-8).
11
Let s(t) = -3*t**2 - 16*t + 9. Give s(-5).
14
Let w(n) = n**3 + 4*n**2 - 19*n - 35. Calculate w(-6).
7
Let l(k) = -4*k**3 - 36*k**2 + 3*k + 33. Determine l(-9).
6
Let o(f) = -f**3 - 8*f**2 - 3*f - 9. What is o(-7)?
-37
Let y(d) = -d**3 + 7*d**2 - 4*d + 2. Give y(6).
14
Let m(p) = -26*p**3 + 2*p**2 - p. Calculate m(1).
-25
Let d(w) = w**2 - 6*w - 9. Calculate d(10).
31
Let v(s) = 4*s**3 - s**2 - 3. Give v(-2).
-39
Let t(c) = -c**3 + 15*c**2 - 13*c - 8. Give t(14).
6
Let g(u) = 20*u + 7. Calculate g(-2).
-33
Let j(k) = -3*k - 28. Determine j(17).
-79
Let v(f) = f**3 - 29*f**2 - 30*f + 56. What is v(30)?
56
Let l(n) = 2*n**3 - 18*n**2 - 2*n + 17. What is l(9)?
-1
Let b(t) = 8*t + 3. Give b(-2).
-13
Let x(q) = -q**3 - 18*q**2 + 2*q + 48. Calculate x(-18).
12
Let z(g) = -5*g - 34. Determine z(-8).
6
Let x(w) = -w**3 + 8*w**2 - 10*w + 1. Calculate x(7).
-20
Let h(u) = 8*u - 9. Determine h(1).
-1
Let k(f) = -f**2 - 4*f - 3. Determine k(-4).
-3
Let m(x) = x**3 + 8*x**2 + 3*x - 1. What is m(-7)?
27
Let n(d) = 4*d + 5. What is n(-5)?
-15
Let q(i) = 20*i - 184. Give q(10).
16
Let w(h) = 43*h + 29. Calculate w(2).
115
Let v(b) = b**2 + 10*b + 30. Calc